 w(16)?
1
Let i be 9809/(-7) + (-8)/(-28). Let x = -541 - i. What is the hundreds digit of x?
8
Let o(c) = 8360*c - 1304. What is the ten thousands digit of o(3)?
2
Let d(w) = w**3 + w**2 - 4*w + 3. Let p be d(0). What is the tens digit of (157/p)/(6/90*5)?
5
Let l be 491*((-6)/10 - (-4)/(-10)). Let n = l + 944. What is the hundreds digit of n?
4
Suppose -2*o + 3*w = -24506, -2*o + 57*w - 53*w + 24500 = 0. What is the tens digit of o?
6
Let q = 67134 + -45885. What is the tens digit of q?
4
Suppose -404350 = -54*b + 25436. What is the hundreds digit of b?
9
Suppose -3*u - 67*u + 1678623 + 497187 = 0. What is the thousands digit of u?
1
Let v be 2/10*-2*(-17 - -7). Suppose -3*n = -2 - v. Suppose 69 = b - 0*f - 5*f, 5*b = -n*f + 453. What is the units digit of b?
9
Suppose -13*p + 392346 = -335550. What is the ten thousands digit of p?
5
Let b be ((-45)/(-10) - 4)*-2. Let s(z) = -184*z + 17. What is the tens digit of s(b)?
0
Suppose -2*k + 3*m + 6 = -2*m, -16 = 3*k + 5*m. Let g(l) = 34*l**2 - 2*l - 3. What is the tens digit of g(k)?
3
Let z be (-39)/(-26)*28/(-6). Let j be 2/z - 122/14. Let r = j + 38. What is the tens digit of r?
2
Suppose 713*i - 706*i - 34524 = 0. What is the units digit of i?
2
Let u be 6/14 + 15/(-35). Suppose u*w + 19*w - 3572 = 0. What is the hundreds digit of w?
1
Suppose -5*h = 5*m - 60, 8*m - 3*m = -2*h + 48. Suppose 0 = -m*q + 3661 + 1395. What is the hundreds digit of q?
6
Let o(z) be the third derivative of 17*z**4/6 - 187*z**3/6 - 23*z**2. What is the hundreds digit of o(14)?
7
What is the tens digit of 4/22 + (-549808)/(-88)?
4
Suppose 18278 = 2*q - 5*c, -6*c + 30 = -c. What is the hundreds digit of q?
1
Let n be 21/(-14) - (-26)/4. Let m(j) = -2*j**3 + 11*j**2 - 5*j - 4. Let r be m(n). What is the units digit of (97 - ((-12)/r + 0)) + 3?
7
Suppose -2*b + 0*b = -3*m + 2, -3*m = -12. Suppose -1020 = -p - y, -5*p + 4077 = -p + b*y. What is the thousands digit of p?
1
Suppose 0 = -q + 3*q. Let j(n) = n**3 - 2*n**2 - n + 162. Let i be j(q). Suppose 4*m + 2*u - i = 0, 0*u - 134 = -3*m - 4*u. What is the tens digit of m?
3
Let x(g) = 33*g**2 - 4*g - 2. Let a be 5*((-2)/4 + 4/40). What is the hundreds digit of x(a)?
1
What is the tens digit of ((-110280)/6)/(210/(-84))?
5
Suppose t - 55 = 2*r, -r - 264 = -5*t - 2*r. Let f = t - -82. What is the tens digit of f?
3
Suppose 54*a + 3 = 57*a. Suppose j + 7*f - 9*f + a = 0, -10 = -4*j + f. What is the units digit of 81 + j + 5*-1?
9
Let o = -204 - -272. What is the units digit of ((-2)/(-8))/((-17)/o)*-507?
7
Let r(k) = -15477*k - 2037. What is the hundreds digit of r(-3)?
3
Suppose 4*n = 3*y - 4085, -4*y - 4*n + 1669 = -3787. What is the hundreds digit of y?
3
What is the tens digit of 3*-18*((-4)/((-56)/259))/(-1)?
9
Let l(j) = -2*j**2 - 23*j - 2. Let o be l(-11). What is the units digit of (-30)/9*-6 + o/(-3)?
7
Let h(r) = r**3 + 18*r**2 - 5*r + 48. Let q be h(-20). Let m = -445 - q. What is the units digit of m?
7
Let h = 289 - 295. What is the hundreds digit of ((-17)/(-2) + h)*5608/10?
4
Let a(c) = -12*c - 8. Let l be a(-1). Suppose -7*n + 3*y - 76 = -8*n, 0 = l*n + 4*y - 344. What is the tens digit of n?
9
Suppose 2*j + 3*y - 2060 = 6*y, 0 = -2*y + 8. Suppose 2*k + 3937 - j = 5*l, -3*k = 5*l - 2911. What is the hundreds digit of l?
5
Suppose 3*m - 887*h - 11324 = -888*h, 2*h = -m + 3783. What is the hundreds digit of m?
7
What is the hundreds digit of (36122/10 - -1)/((-1)/(350/(-105)))?
0
Let h be 7/(-28) - (-2)/((-16)/(-18)). Suppose -15 = 8*y - 3*y, -151 = -5*f + h*y. What is the tens digit of f?
2
Let o = 25573 - 21873. What is the units digit of o?
0
What is the tens digit of 2/(-6*11/(-2012241))?
7
Let s = -1616 + 2401. Suppose -447 = -11*y + s. What is the units digit of y?
2
Suppose 86*q + 16*q = 25*q + 4434276. What is the tens digit of q?
8
Suppose 3*z + 4*n = 316, 2*z + 3*n - 412 = -2*z. What is the tens digit of (z/(-6))/(1*10/(-285))?
7
Suppose 0 = -3*r + 47 - 41, 0 = -4*q + 2*r + 42652. What is the ten thousands digit of q?
1
Let b(j) = -5*j**3 + 193*j**2 + 49*j - 22. What is the units digit of b(35)?
3
Suppose 30*o - 11*o - 114 = 0. Let y(p) = p**3 - 14*p**2 + 12*p + 9. Let i be y(13). What is the units digit of 32/(i - (-28)/o)?
8
Suppose s + 4*o - 23550 = -0*o, -259437 = -11*s - o. What is the tens digit of s?
8
Let h be 6 + -1 + (-6 - -2817). Suppose l - h = -4*c, -725 = -2*c + c + 5*l. What is the units digit of c?
5
Suppose -45440 = -4*g - 14*q + 15*q, -3*g - 5*q + 34057 = 0. What is the units digit of g?
9
Suppose 0*i = -5*a - 3*i + 21996, 2*a + 2*i = 8800. What is the thousands digit of a?
4
Let j be -2 + (-18)/3 + 4. What is the tens digit of (-1)/(-1*j/(-76))?
1
Let b(p) = -11*p + 8*p**3 - 2 + 9*p - 441*p**3 + 0. Let n be b(-1). Suppose -u = 2*r - 3*r - 93, 3*r - n = -5*u. What is the tens digit of u?
8
Suppose 6 = -4*w + 18. Suppose 4*z + 0*r - 4*r - 772 = 0, -w*r - 386 = -2*z. Let a = z + -102. What is the tens digit of a?
9
Suppose -76*l = -93*l + 107389. What is the tens digit of l?
1
Let d(y) = 1057*y - 3849. What is the hundreds digit of d(22)?
4
Let y be 329/47*1/((-1)/(-4)). What is the tens digit of -5 + y/6 + (-1147)/(-3)?
8
Suppose 0 = 5*x + a + 18 - 55, 4 = 2*x + 4*a. Let d(j) be the third derivative of j**5/60 + j**4/8 - 11*j**3/6 - 172*j**2. What is the tens digit of d(x)?
7
Let x be 8/(-12) - (-14)/21. Let j(u) = u**3 + 2*u + 227. Let c be j(x). Suppose -5*l + 5*f + c = -178, -f = 5*l - 423. What is the units digit of l?
4
Suppose -5*v + 48 = -2. Let y(c) = c**3 - 11*c**2 + 10*c + 4. Let a be y(v). Suppose -u + 2*u - 71 = 3*r, 4*r = -a*u + 348. What is the tens digit of u?
8
Suppose 5*y = 5*d, -30*y - d = -27*y - 16. Suppose y*o + 326 = c, -5*c - 5*o = -c - 1262. What is the hundreds digit of c?
3
Suppose p - 168 = -x, -2*x = p - 0*x - 166. Let v be ((-15)/(-25))/(2/p). What is the units digit of v/(-4 - (-11)/2)?
4
Let o(w) = -4*w - 8*w + 28*w - 19 - 8*w + 2*w. Let v be 10/4*(-18 + 26). What is the hundreds digit of o(v)?
1
Suppose 21*v - 301*v = 100*v - 7005680. What is the tens digit of v?
3
Let b(w) = 16*w - 324*w**3 + 220 - 219 - 15*w - 3*w**2. What is the units digit of b(-1)?
1
Let z = 22 + -13. Let j be 60*(-7)/((-42)/z). Suppose 6*m - 258 = j. What is the units digit of m?
8
Let p = 104 + -102. What is the units digit of (p/1)/(24/9756)?
3
Suppose -4*s = -3*y - 24, 7*s = 2*s + 4*y + 31. Let x(l) = -1 - 1081*l**2 - 7*l - l**s - 4 + 1072*l**2. What is the tens digit of x(-10)?
6
Let g = 9142 - -1286. What is the ten thousands digit of g?
1
Let i(g) = -g + 3. Let r be i(1). Let z be 23 - -36 - (-1 - -2)*r. Let c = -54 + z. What is the units digit of c?
3
Let j be ((-300)/(-200))/(6/(-32)). What is the thousands digit of j/(-18) - (125021/(-117) + -1)?
1
Suppose 0 = -6*p - p + 11018. Suppose -4*b + p = 2*t, -t + 6 = 1. What is the tens digit of b?
9
Let o(x) be the first derivative of -47*x**2/2 + 8*x - 203. What is the units digit of o(-21)?
5
What is the units digit of (-122316)/(-4) + ((-98)/14 - -18)?
0
Let s = -8702 - -8717. Let w be (1/2)/(1/6). What is the units digit of w*((-4280)/s)/(-8)?
7
Let o(v) = -30*v + 24. Suppose 9*w + 84 = 12. Let b be (-10)/8 + 1 - (-62)/w. What is the hundreds digit of o(b)?
2
Suppose 2*k - 29605 = -t, -6*k + 88825 = -60*t + 61*t. What is the units digit of k?
5
Suppose -2*z + 120940 = 4*n, -3*n + 36010 + 54690 = 4*z. What is the tens digit of 4/42 + n/42 + 1?
2
Let i(o) = 140*o - 2. Let k be i(5). Suppose x + 6*f = 2*f + k, 5*x = -2*f + 3490. What is the units digit of x?
8
What is the units digit of 61/(12 - (-83766)/(-6858) - (-4)/18)?
7
Let b = -267 + 100. Let c = -49 - b. What is the tens digit of c?
1
Suppose -2*p - 2*x - 2 = 0, 8*x - 10*x = 3*p. What is the units digit of 954/p + (-225)/(-45)?
2
Suppose 3*p = -6 + 21. Suppose -3*f - 4*q - p = 0, 0 = 4*f + 2*q - 4 - 6. Suppose l = -4*y + 415 + 56, -f*l = 5. What is the units digit of y?
8
Let a be 20/(-12) + (-30)/(-45). Let j(f) be the second derivative of 11*f**4/4 - f**2/2 + f. What is the units digit of j(a)?
2
Let p(o) = 138*o - 64. Let j = 90 + -86. What is the hundreds digit of p(j)?
4
Suppose -v + 4*g + 4 = v, 0 = 5*g + 5. Suppose v = -5*x - 0*x - 5*o + 25, 0 = 3*o - 3. Suppose -m + x = 0, 3*m + 637 - 54 = 5*u. What is th